{"id":482,"date":"2026-03-17T17:14:08","date_gmt":"2026-03-17T17:14:08","guid":{"rendered":"https:\/\/comparya.com\/?page_id=482"},"modified":"2026-03-22T12:34:28","modified_gmt":"2026-03-22T12:34:28","slug":"mentions-legales","status":"publish","type":"page","link":"https:\/\/comparya.com\/index.php\/mentions-legales\/","title":{"rendered":"Mentions l\u00e9gales"},"content":{"rendered":"\t\t<div data-elementor-type=\"wp-page\" data-elementor-id=\"482\" class=\"elementor elementor-482\">\n\t\t\t\t<div class=\"elementor-element elementor-element-9882256 e-con-full e-flex e-con e-parent\" data-id=\"9882256\" data-element_type=\"container\" data-e-type=\"container\" data-settings=\"{&quot;background_background&quot;:&quot;classic&quot;}\">\n\t\t\t\t<\/div>\n\t\t<div class=\"elementor-element elementor-element-75be58b e-flex e-con-boxed e-con e-parent\" data-id=\"75be58b\" data-element_type=\"container\" data-e-type=\"container\">\n\t\t\t\t\t<div class=\"e-con-inner\">\n\t\t<div class=\"elementor-element elementor-element-7ddc659 e-con-full e-flex e-con e-child\" data-id=\"7ddc659\" data-element_type=\"container\" data-e-type=\"container\">\n\t\t\t\t<div class=\"elementor-element elementor-element-7278cad elementor-widget elementor-widget-heading\" data-id=\"7278cad\" data-element_type=\"widget\" data-e-type=\"widget\" data-widget_type=\"heading.default\">\n\t\t\t\t\t<h1 class=\"elementor-heading-title elementor-size-default\">Mentions L\u00e9gales<\/h1>\t\t\t\t<\/div>\n\t\t\t\t<div class=\"elementor-element elementor-element-d1df7b4 elementor-widget elementor-widget-heading\" data-id=\"d1df7b4\" data-element_type=\"widget\" data-e-type=\"widget\" data-widget_type=\"heading.default\">\n\t\t\t\t\t<h3 class=\"elementor-heading-title elementor-size-default\">\u00c9diteur du site<\/h3>\t\t\t\t<\/div>\n\t\t\t\t<div class=\"elementor-element elementor-element-c7d8267 elementor-widget elementor-widget-text-editor\" data-id=\"c7d8267\" data-element_type=\"widget\" data-e-type=\"widget\" data-widget_type=\"text-editor.default\">\n\t\t\t\t\t\t\t\t\t<p class=\"Paragraphe\"><span lang=\"FR\">L&#8217;\u00e9dition du site www.comparya.com est assur\u00e9e par la Soci\u00e9t\u00e9 INC MNET GROUPE au capital de 5000 euros, immatricul\u00e9e au RCS de LAVAL sous le num\u00e9ro 1173148413, dont le si\u00e8ge social est situ\u00e9 au 1876 boulevard des Laurentides suite 207 H7M2S4 LAVAL CANADA<\/span><\/p><p class=\"Paragraphe\"><span lang=\"FR\">Num\u00e9ro de t\u00e9l\u00e9phone +1 438-763-5006<\/span><\/p><p class=\"Paragraphe\"><span lang=\"FR\">Adresse e-mail : contact @ mnetgroupe.com.<\/span><\/p><p class=\"Paragraphe\"><span lang=\"FR\">Le Directeur de la publication est : Gabriel GOURMET<\/span><\/p><p class=\"Paragraphe\"><span lang=\"FR\">\u00a0<\/span><\/p><p class=\"Paragraphe\"><span lang=\"FR\">L&#8217;h\u00e9bergeur du site www.comparya.com est la soci\u00e9t\u00e9 INMOTION HOSTING, dont le si\u00e8ge social est situ\u00e9 au Dr. Karsten Kinast, LL.M., either at the address KINAST Rechtsanwaltsgesellschaft mbH, Hohenzollernring 54, 50672 Cologne, avec le num\u00e9ro de t\u00e9l\u00e9phone : +49 (89) 3564717-71.<\/span><\/p>\t\t\t\t\t\t\t\t<\/div>\n\t\t\t\t<\/div>\n\t\t\t\t\t<\/div>\n\t\t\t\t<\/div>\n\t\t\t\t<\/div>\n\t\t","protected":false},"excerpt":{"rendered":"<p>Mentions L\u00e9gales \u00c9diteur du site L&#8217;\u00e9dition du site www.comparya.com est assur\u00e9e par la Soci\u00e9t\u00e9 INC MNET GROUPE au capital de [&hellip;]<\/p>\n","protected":false},"author":1,"featured_media":0,"parent":0,"menu_order":0,"comment_status":"closed","ping_status":"closed","template":"elementor_header_footer","meta":{"site-sidebar-layout":"no-sidebar","site-content-layout":"","ast-site-content-layout":"full-width-container","site-content-style":"default","site-sidebar-style":"default","ast-global-header-display":"","ast-banner-title-visibility":"","ast-main-header-display":"","ast-hfb-above-header-display":"","ast-hfb-below-header-display":"","ast-hfb-mobile-header-display":"","site-post-title":"","ast-breadcrumbs-content":"","ast-featured-img":"disabled","footer-sml-layout":"","ast-disable-related-posts":"","theme-transparent-header-meta":"","adv-header-id-meta":"","stick-header-meta":"","header-above-stick-meta":"","header-main-stick-meta":"","header-below-stick-meta":"","astra-migrate-meta-layouts":"default","ast-page-background-enabled":"default","ast-page-background-meta":{"desktop":{"background-color":"var(--ast-global-color-5)","background-image":"","background-repeat":"repeat","background-position":"center center","background-size":"auto","background-attachment":"scroll","background-type":"","background-media":"","overlay-type":"","overlay-color":"","overlay-opacity":"","overlay-gradient":""},"tablet":{"background-color":"","background-image":"","background-repeat":"repeat","background-position":"center center","background-size":"auto","background-attachment":"scroll","background-type":"","background-media":"","overlay-type":"","overlay-color":"","overlay-opacity":"","overlay-gradient":""},"mobile":{"background-color":"","background-image":"","background-repeat":"repeat","background-position":"center center","background-size":"auto","background-attachment":"scroll","background-type":"","background-media":"","overlay-type":"","overlay-color":"","overlay-opacity":"","overlay-gradient":""}},"ast-content-background-meta":{"desktop":{"background-color":"var(--ast-global-color-4)","background-image":"","background-repeat":"repeat","background-position":"center center","background-size":"auto","background-attachment":"scroll","background-type":"","background-media":"","overlay-type":"","overlay-color":"","overlay-opacity":"","overlay-gradient":""},"tablet":{"background-color":"var(--ast-global-color-4)","background-image":"","background-repeat":"repeat","background-position":"center center","background-size":"auto","background-attachment":"scroll","background-type":"","background-media":"","overlay-type":"","overlay-color":"","overlay-opacity":"","overlay-gradient":""},"mobile":{"background-color":"var(--ast-global-color-4)","background-image":"","background-repeat":"repeat","background-position":"center center","background-size":"auto","background-attachment":"scroll","background-type":"","background-media":"","overlay-type":"","overlay-color":"","overlay-opacity":"","overlay-gradient":""}},"footnotes":""},"class_list":["post-482","page","type-page","status-publish","hentry"],"_links":{"self":[{"href":"https:\/\/comparya.com\/index.php\/wp-json\/wp\/v2\/pages\/482","targetHints":{"allow":["GET"]}}],"collection":[{"href":"https:\/\/comparya.com\/index.php\/wp-json\/wp\/v2\/pages"}],"about":[{"href":"https:\/\/comparya.com\/index.php\/wp-json\/wp\/v2\/types\/page"}],"author":[{"embeddable":true,"href":"https:\/\/comparya.com\/index.php\/wp-json\/wp\/v2\/users\/1"}],"replies":[{"embeddable":true,"href":"https:\/\/comparya.com\/index.php\/wp-json\/wp\/v2\/comments?post=482"}],"version-history":[{"count":16,"href":"https:\/\/comparya.com\/index.php\/wp-json\/wp\/v2\/pages\/482\/revisions"}],"predecessor-version":[{"id":534,"href":"https:\/\/comparya.com\/index.php\/wp-json\/wp\/v2\/pages\/482\/revisions\/534"}],"wp:attachment":[{"href":"https:\/\/comparya.com\/index.php\/wp-json\/wp\/v2\/media?parent=482"}],"curies":[{"name":"wp","href":"https:\/\/api.w.org\/{rel}","templated":true}]}}